ctors of n(7)?
7, 29
Let b(g) = 3*g - 7. Suppose -14 = -3*l - 2, 4*c = -5*l + 40. Suppose 3*t = 13 + c. List the prime factors of b(t).
11
Let j be ((-1)/(-2))/((-2)/(-20)). Suppose 0 = -m - 4*m - u + 65, 0 = -j*m - 2*u + 60. Let z = m + -4. List the prime factors of z.
2, 5
Let f be (-1)/2 + 18/4. Let o = f + -2. Suppose -x - 2 - 3 = 5*q, -o*x = -q - 23. List the prime factors of x.
2, 5
List the prime factors of (-376)/(-5) + 9/(-45).
3, 5
Suppose 229*s - 560 = 224*s. What are the prime factors of s?
2, 7
Let b = 0 - -2. Suppose -17 + 5 = -4*h, 0 = 5*t - b*h + 11. Let s = 8 - t. List the prime factors of s.
3
Suppose 2*p = 5*q - 239, -2*q + p = -119 + 24. What are the prime factors of q?
7
Let a(g) = 3*g**2 - 10*g + 6. Let p be a(7). Suppose -3*n = -h - p, 0*h + h - 25 = -n. Let o = 49 - n. List the prime factors of o.
2, 11
Let y(v) = -3*v**2 - v - 1. Let m be y(3). Let u = m - -59. What are the prime factors of u?
2, 7
Let m be (-8)/(-2)*(-10)/8. Let q be 1/(-1) - 1 - m. Suppose 3*h - 30 = -q*n - 0*n, -11 = -2*h + n. What are the prime factors of h?
7
Suppose 5*a + 25 = 0, -5*u = 3*a - 2*a + 10. List the prime factors of (6/15)/(u/(-5)).
2
Let h(c) = -4*c - 24. What are the prime factors of h(-8)?
2
Let a = -74 + 119. What are the prime factors of a?
3, 5
Let m = 3 - 3. Let p be (m - 3)/(9/(-6)). Suppose v + 13 = p*v. List the prime factors of v.
13
Let l be 4/10 + (-78)/(-30). Suppose l*h = 6*h - 24. Let u = h - 0. What are the prime factors of u?
2
Let a(l) = l**2 - 2*l + 10. Let k be a(0). Let h = 12 - k. List the prime factors of h.
2
List the prime factors of ((-20)/(-3))/(3/9).
2, 5
Suppose -3*j + 514 = 2*u, -3*j + 484 = -3*u - u. List the prime factors of j.
2, 3, 7
Let r(b) = 4*b**2 - b - 1. Let k be r(-1). Suppose -2*x = -5*q - x + 59, -q - k*x - 5 = 0. List the prime factors of q.
11
Let i(f) = f**3 + 3*f**2 - 7*f - 7. List the prime factors of i(-4).
5
Suppose -21 = -5*i - 6. Let o = i + 7. What are the prime factors of o?
2, 5
Suppose 0 = -j - 4*j + 10. Let f be 2/(-1) + 7 + -2. Suppose -f*p = -j*p - 7. What are the prime factors of p?
7
Suppose q - 2*q = -16. Suppose 4*h - 8 - q = 0. Suppose v = -0*v + h. List the prime factors of v.
2, 3
List the prime factors of -106*(-44)/48 + (-1)/6.
97
Let w = 31 + -20. Let a = 1 + -1. Suppose a*t + t = w. List the prime factors of t.
11
Let w = 138 + -74. List the prime factors of w.
2
Suppose -3*g + 0*g = 0. Suppose c - 8 = -4*w - 0, g = 3*c + 5*w - 24. What are the prime factors of c?
2
Suppose t = -t + 2*m + 90, 4*m + 138 = 3*t. What are the prime factors of t?
2, 3, 7
Suppose -20 = -r - 2. List the prime factors of r.
2, 3
Suppose -2*k = 4*x - 6*k - 72, -x - 4*k = -3. What are the prime factors of x?
3, 5
Suppose -2*o = a - 43, -4*o + 3*a = -0*a - 101. What are the prime factors of o?
23
Suppose -23 = -5*w + i, 2*w - 21 = -3*w + 2*i. Suppose -s = -0 - w. Suppose s*a - 5*f = 10, 2*f = -a + 6*f - 13. List the prime factors of a.
7
Let t(f) = f**2 - 2*f - 1. Let m be t(3). Let b be (m - 0) + 0 - -27. Suppose -3*d + b = -1. What are the prime factors of d?
2, 5
Suppose 3*q = 2*q + 2. Suppose q*d + 21 - 57 = 0. Suppose 0*i + 2*i - d = 0. List the prime factors of i.
3
Suppose 2*n + 4*d + 20 = -2*n, 5*d - 5 = 5*n. Let q(i) = i**2 + i - 2. What are the prime factors of q(n)?
2
List the prime factors of (27 - 6) + 6/2.
2, 3
Let w = 5 + -4. Let c be w - (-1 + (2 - 0)). Suppose -i = -3*h + 33, i + 9 = h - c. List the prime factors of h.
2, 3
Let l be 5/30 + 161/6. Suppose -2*f + f + 3 = -r, r = -5*f + l. Suppose -20 = -r*s - 4*g, -s + g = -6 - 4. List the prime factors of s.
2, 5
Let w(z) be the first derivative of -3*z**2 - z - 2. Suppose -s - 2 = -2*o + s, 0 = 5*o + 5*s + 25. List the prime factors of w(o).
11
Let t(g) = g**3 - 8*g**2 + 9*g + 7. List the prime factors of t(7).
3, 7
Let x(m) = 10*m. List the prime factors of x(2).
2, 5
Let x = -19 + 29. Suppose -h - r = -3*r - 10, -2*r = -x. What are the prime factors of h?
2, 5
Suppose 0 = 29*p - 30*p + 395. What are the prime factors of p?
5, 79
Suppose -3*t - t = 5*k - 48, -5*t = -3*k + 51. What are the prime factors of k?
2, 3
Let d = 18 - 33. Let q = 15 - d. What are the prime factors of q/(-9)*9/(-5)?
2, 3
Suppose 5*f + 2*r + 39 = 5*r, f - r = -9. Let q(i) be the first derivative of i**3/3 + 5*i**2/2 + 3*i + 2. List the prime factors of q(f).
3
Let b = -61 + 20. Let c = -20 - b. List the prime factors of c.
3, 7
What are the prime factors of 165 + (8/12)/(3/9)?
167
Suppose 3*i = -2*i - 4*a + 450, -10 = -2*a. What are the prime factors of i?
2, 43
Suppose f = 6*f - g - 282, 0 = 2*f - 3*g - 105. Suppose 7*l - f = 4*l. List the prime factors of l.
19
Suppose -c - 9 = 4. Let g = 23 - c. Suppose 8*d - g = -3*w + 5*d, -3*w - 4*d + 38 = 0. List the prime factors of w.
2, 5
Suppose 0 = 2*b + 4*c - 20, -6*b + c + 39 = -b. What are the prime factors of b?
2
Let w(v) = 6*v**2 + v. What are the prime factors of w(-3)?
3, 17
Suppose -5*y - 4*n = -170, 6*y - 2*y + 3*n - 136 = 0. Let i = y + -19. List the prime factors of i.
3, 5
Let a = 5 - 2. Suppose -2*c - a*c - 115 = -5*t, -3*c + 78 = 4*t. What are the prime factors of t?
3, 7
Suppose 5*y - c = -89, 5*y + 4*c + 130 = 36. Let n = -13 - y. What are the prime factors of n?
5
Suppose -n + 5*k = -28, 5 = -k - 4*k. Suppose 0 = 2*t + 6, -4*q - 2*t + n = -3*t. Suppose -2*y = q*g - 40, 26 = 4*y - y - g. List the prime factors of y.
2, 5
Suppose 3*i - 134 + 26 = 0. List the prime factors of i.
2, 3
What are the prime factors of 2 + (-382)/(-10) + 9/(-45)?
2, 5
Suppose -n - 2*h - 32 = 3*h, 0 = -2*n - h - 19. Let l = n - -14. What are the prime factors of l?
7
Let g(p) = p**2 - 5*p - 4. Let k be g(6). Suppose -2*l = j + j, 4 = 4*j + k*l. What are the prime factors of j?
2
Let k(j) = 29*j**2 - j. Let q be k(-1). Let f = q - 13. Suppose -5*x + f = -3*x - t, -4*x + 39 = -3*t. What are the prime factors of x?
2, 3
Let z(h) = -h**3 + 7*h**2 - 2*h - 6. Let d be z(5). Suppose 2 - 26 = -4*y + 2*k, -4*y + d = 3*k. List the prime factors of y.
7
Let o(i) = i - 3. Let r be o(9). Let j = -3 + r. List the prime factors of j.
3
Let d(c) = 3*c**2 + 5*c - 1. Let a be d(-5). Let x = a + -18. What are the prime factors of x?
31
Suppose 0*i = i - x - 115, -i + 5*x = -135. What are the prime factors of i?
2, 5, 11
Let c(o) be the second derivative of o**3/6 + 2*o**2 - o. Let p = 12 + -6. List the prime factors of c(p).
2, 5
Suppose 4*d = 2*d + 118. What are the prime factors of d?
59
Let u(h) = h**2 + 4*h + 3. What are the prime factors of u(6)?
3, 7
Let q(d) = -d**3 + 11*d**2 - 11*d + 5. Let c be q(10). Let f be (-8 + c)*(0 - -1). Let m = -5 - f. What are the prime factors of m?
2
Suppose 0 + 4 = s - 2*u, 2*s - 5*u = 4. Suppose 5*c + 3*y + 3 = 4, -4*y - s = 0. Suppose -c*n + 47 = 5*d, 4 = -2*n + 5*d + 1. List the prime factors of n.
11
Suppose 3*d - t = -6*t - 82, -3*t = -3*d - 66. What are the prime factors of 357/18 - 4/d?
2, 5
List the prime factors of 2 - 1 - (-14)/14.
2
Let m(d) = -5*d + 4. Let i(x) = 4*x - 4. Let q(p) = 5*p. Let v be q(-1). Let l(y) = v*m(y) - 6*i(y). What are the prime factors of l(4)?
2
Let r(c) = c + 7. Let m be r(-5). Suppose 2*y + x = 16, 0*y - 5*y + 42 = m*x. List the prime factors of y.
2, 5
Let t(w) = 32*w**2 - w + 2. What are the prime factors of t(1)?
3, 11
Let r = 3 - -8. Suppose 2*b + r = 3*b. List the prime factors of b.
11
Suppose -2*f + 5*x + 19 = 0, -f - 3 = 2*x - 17. Suppose -f = -4*c + 76. Suppose 77 - c = 5*o + 3*m, m + 11 = o. What are the prime factors of o?
11
Suppose -4*q + t + 6 + 4 = 0, 3*t - 3 = q. Suppose q*f + 0*f + 6 = 0. List the prime factors of 1 + f - (-7 + 0).
2, 3
Let b = -2 + 0. Let i = b + 4. Suppose -4*u + 2*u - 20 = -i*s, 3*s = -3*u. List the prime factors of s.
5
Suppose -r + 0*r - 40 = 0. Let t be (-3)/((-74)/r + -2). Suppose t = -4*n + 72. What are the prime factors of n?
13
Suppose -z - 2 = 0, 2*z - 21 = -3*k - z. List the prime factors of k.
3
What are the prime factors of (2/(-4))/(3 + 2356/(-784))?
2, 7
Let q(h) = h**2 - 5*h + 10. Let v = -7 - -14. Let k be q(v). Suppose 4*c = -4*y + k, 2*y + 2*y + 26 = c. What are the prime factors of c?
2, 5
Suppose 3*w + 95 = 8*w. Suppose 4*p - j + w - 56 = 0, j = 5*p - 45. Let r = -1 + p. List the prime factors of r.
